test common factor of 925 and 629?
37
Calculate the greatest common divisor of 46 and 92.
46
Calculate the highest common divisor of 125 and 12500.
125
Calculate the greatest common divisor of 13 and 45526.
13
What is the highest common factor of 52 and 936?
52
Calculate the greatest common divisor of 1890 and 90.
90
Calculate the greatest common factor of 237 and 10112.
79
Calculate the highest common factor of 6 and 39.
3
Calculate the highest common factor of 16 and 34560.
16
What is the highest common factor of 27 and 999?
27
What is the highest common factor of 225 and 9765?
45
Calculate the highest common divisor of 21 and 70.
7
Calculate the greatest common divisor of 702 and 429.
39
Calculate the greatest common divisor of 2 and 277.
1
What is the highest common factor of 248 and 136?
8
Calculate the greatest common factor of 27 and 72.
9
Calculate the greatest common factor of 120 and 1380.
60
Calculate the highest common divisor of 148 and 370.
74
What is the highest common factor of 595 and 63?
7
What is the greatest common divisor of 17 and 16?
1
What is the greatest common divisor of 224 and 1664?
32
Calculate the greatest common divisor of 1947 and 33.
33
Calculate the highest common divisor of 3904 and 32.
32
Calculate the greatest common divisor of 588 and 7.
7
What is the highest common factor of 2899 and 13?
13
What is the greatest common divisor of 5 and 235?
5
What is the greatest common divisor of 690 and 1635?
15
What is the greatest common factor of 12551 and 77?
77
What is the highest common factor of 96 and 8544?
96
Calculate the highest common divisor of 64 and 96.
32
What is the highest common factor of 189 and 14?
7
What is the highest common divisor of 30 and 75?
15
What is the highest common factor of 82 and 1066?
82
Calculate the greatest common factor of 399 and 224.
7
What is the highest common factor of 4043 and 13?
13
Calculate the highest common divisor of 1968 and 2337.
123
What is the highest common divisor of 350 and 2525?
25
Calculate the highest common factor of 2358 and 54.
18
What is the highest common divisor of 2054 and 316?
158
What is the greatest common divisor of 28 and 27538?
14
What is the highest common divisor of 54 and 26298?
54
Calculate the greatest common divisor of 11041 and 181.
181
What is the greatest common factor of 25 and 1?
1
What is the highest common factor of 1584 and 198?
198
What is the greatest common divisor of 98 and 182?
14
Calculate the greatest common divisor of 516 and 192.
12
What is the greatest common divisor of 189 and 351?
27
Calculate the highest common factor of 78 and 66144.
78
Calculate the greatest common factor of 11 and 737.
11
What is the greatest common factor of 820 and 20?
20
What is the greatest common factor of 40 and 152?
8
What is the greatest common divisor of 1491 and 24?
3
Calculate the greatest common divisor of 531 and 9.
9
What is the highest common factor of 224 and 19936?
224
What is the greatest common divisor of 1 and 127?
1
What is the highest common factor of 29 and 261?
29
What is the highest common factor of 28 and 36?
4
Calculate the greatest common divisor of 24 and 468.
12
What is the highest common divisor of 28 and 68?
4
Calculate the greatest common factor of 15 and 2085.
15
Calculate the highest common factor of 34 and 1768.
34
Calculate the greatest common factor of 445 and 2.
1
Calculate the greatest common divisor of 63 and 1071.
63
Calculate the greatest common divisor of 161 and 207.
23
Calculate the greatest common factor of 575 and 175.
25
Calculate the highest common factor of 48 and 1104.
48
What is the greatest common factor of 60 and 252?
12
What is the highest common factor of 290 and 10?
10
Calculate the highest common divisor of 37 and 35557.
37
Calculate the highest common divisor of 5975 and 25.
25
What is the greatest common divisor of 240 and 80?
80
Calculate the highest common divisor of 1325 and 150.
25
What is the greatest common factor of 1575 and 63?
63
Calculate the greatest common factor of 244 and 61.
61
Calculate the highest common factor of 12 and 212.
4
Calculate the highest common divisor of 325 and 25.
25
What is the greatest common divisor of 96 and 132?
12
Calculate the highest common divisor of 450 and 135.
45
What is the greatest common factor of 49 and 224?
7
What is the highest common factor of 25 and 3?
1
Calculate the highest common factor of 95 and 36670.
95
Calculate the greatest common factor of 12 and 9498.
6
What is the highest common divisor of 286 and 1254?
22
What is the highest common factor of 42 and 16128?
42
Calculate the greatest common divisor of 21 and 2163.
21
Calculate the highest common factor of 21 and 21.
21
What is the highest common divisor of 60 and 20?
20
What is the greatest common divisor of 868 and 644?
28
Calculate the highest common divisor of 551 and 342.
19
What is the highest common factor of 20 and 14580?
20
Calculate the highest common divisor of 72 and 3096.
72
What is the highest common divisor of 8 and 32?
8
Calculate the greatest common divisor of 104 and 754.
26
What is the greatest common factor of 11 and 1683?
11
Calculate the highest common divisor of 935 and 2057.
187
Calculate the greatest common factor of 1328 and 64.
16
What is the highest common factor of 936 and 126?
18
Calculate the greatest common divisor of 390 and 240.
30
What is the greatest common divisor of 144 and 774?
18
What is the greatest common factor of 121 and 33?
11
Calculate the highest common divisor of 15 and 15.
15
What is the greatest common divisor of 231 and 66?
33
Calculate the greatest common divisor of 2574 and 44.
22
What is the highest common divisor of 9 and 477?
9
Calculate the greatest common divisor of 30 and 930.
30
Calculate the greatest common divisor of 55 and 77.
11
What is the greatest common factor of 36 and 2322?
18
Calculate the highest common divisor of 30 and 158.
2
What is the highest common divisor of 1264 and 16?
16
Calculate the highest common divisor of 70 and 100.
10
What is the greatest common factor of 33 and 209?
11
Calculate the greatest common divisor of 3441 and 111.
111
What is the highest common factor of 60 and 66?
6
Calculate the highest common divisor of 12 and 4332.
12
What is the highest common divisor of 48 and 1056?
48
Calculate the highest common divisor of 369 and 1353.
123
What is the highest common divisor of 195 and 210?
15
Calculate the highest common factor of 4 and 224.
4
What is the greatest common divisor of 70 and 2870?
70
What is the greatest common divisor of 31 and 4898?
31
What is the highest common divisor of 11147 and 157?
157
What is the greatest common factor of 11 and 297?
11
Calculate the highest common divisor of 150 and 4850.
50
What is the greatest common divisor of 34201 and 23?
23
Calculate the highest common divisor of 1440 and 10.
10
What is the greatest common divisor of 512 and 40?
8
Calculate the highest common factor of 589 and 38.
19
What is the highest common factor of 40 and 20?
20
Calculate the highest common factor of 108 and 729.
27
What is the greatest common factor of 33 and 6?
3
Calculate the highest common factor of 1936 and 16.
16
What is the greatest common divisor of 36970 and 10?
10
What is the greatest common factor of 99091 and 197?
197
What is the greatest common factor of 1891 and 61?
61
Calculate the highest common divisor of 56 and 126.
14
What is the greatest common factor of 7236 and 72?
36
Calculate the highest common divisor of 13 and 559.
13
Calculate the highest common divisor of 336 and 72.
24
What is the highest common factor of 70 and 658?
14
What is the greatest common factor of 1525 and 650?
25
Calculate the greatest common factor of 4 and 1076.
4
Calculate the highest common factor of 21 and 861.
21
Calculate the greatest common divisor of 1930 and 40.
10
Calculate the greatest common factor of 98 and 336.
14
Calculate the highest common factor of 16548 and 336.
84
What is the greatest common factor of 48 and 669?
3
Calculate the greatest common divisor of 725 and 25.
25
What is the highest common factor of 112 and 14?
14
Calculate the highest common factor of 96 and 168.
24
Calculate the greatest common factor of 5786 and 22.
22
What is the highest common facto